{"id":5125,"date":"2024-08-03T15:50:04","date_gmt":"2024-08-03T13:50:04","guid":{"rendered":"https:\/\/vapedschinni.com\/?post_type=product&#038;p=5125"},"modified":"2024-08-03T16:13:42","modified_gmt":"2024-08-03T14:13:42","slug":"exotic-whip-original","status":"publish","type":"product","link":"https:\/\/vapedschinni.com\/?product=exotic-whip-original","title":{"rendered":"Exotic Whip Original"},"content":{"rendered":"<div class=\"single-product__attributes-list\">\n<div class=\"single-product__attribute-item flex items-center justify-between woocommerce-product-attributes-item--attribute_kapazit%c3%a4t\">\n<div class=\"single-product__attribute-label\">Kapazit\u00e4t<\/div>\n<div class=\"single-product__attribute-value\">\n<p>670 Gramm<\/p>\n<\/div>\n<\/div>\n<div class=\"single-product__attribute-item flex items-center justify-between woocommerce-product-attributes-item--attribute_typ\">\n<div class=\"single-product__attribute-label\">Typ<\/div>\n<div class=\"single-product__attribute-value\">\n<p>Sahnekapseln<\/p>\n<\/div>\n<\/div>\n<div class=\"single-product__attribute-item flex items-center justify-between woocommerce-product-attributes-item--attribute_gas\">\n<div class=\"single-product__attribute-label\">Gas<\/div>\n<div class=\"single-product__attribute-value\">\n<p>Distickstoffmonoxid<\/p>\n<\/div>\n<\/div>\n<div class=\"single-product__attribute-item flex items-center justify-between woocommerce-product-attributes-item--attribute_geh%c3%a4use\">\n<div class=\"single-product__attribute-label\">Geh\u00e4use<\/div>\n<div class=\"single-product__attribute-value\">\n<p>Einwegzylinder,<br \/>\nEisenmetall<\/p>\n<\/div>\n<\/div>\n<div class=\"single-product__attribute-item flex items-center justify-between woocommerce-product-attributes-item--attribute_stoffidentifizierung\">\n<div class=\"single-product__attribute-label\">Stoffidentifizierung<\/div>\n<div class=\"single-product__attribute-value\">\n<p>UN.Nr 1070<\/p>\n<\/div>\n<\/div>\n<div class=\"single-product__attribute-item flex items-center justify-between woocommerce-product-attributes-item--attribute_ventil\">\n<div class=\"single-product__attribute-label\">Ventil<\/div>\n<div class=\"single-product__attribute-value\">\n<p>M10X1<\/p>\n<\/div>\n<\/div>\n<div class=\"single-product__attribute-item flex items-center justify-between woocommerce-product-attributes-item--attribute_einheiten-pro-kiste\">\n<div class=\"single-product__attribute-label\">Einheiten pro Kiste<\/div>\n<div class=\"single-product__attribute-value\">\n<p>6<\/p>\n<\/div>\n<\/div>\n<div class=\"single-product__attribute-item flex items-center justify-between woocommerce-product-attributes-item--attribute_kistengr%c3%b6%c3%9fe-cm\">\n<div class=\"single-product__attribute-label\">Kistengr\u00f6\u00dfe (cm)<\/div>\n<div class=\"single-product__attribute-value\">\n<p>25,5 \u00d7 17,5 \u00d7 27<\/p>\n<\/div>\n<\/div>\n<div class=\"single-product__attribute-item flex items-center justify-between woocommerce-product-attributes-item--attribute_kistengewicht-kg\">\n<div class=\"single-product__attribute-label\">Kistengewicht (kg)<\/div>\n<div class=\"single-product__attribute-value\">\n<p>12,6<\/p>\n<\/div>\n<\/div>\n<\/div>\n","protected":false},"excerpt":{"rendered":"<div class=\"woocommerce-product-details__short-description\">\n<p>Die klassische Sahnekartusche mit 670 g ist gef\u00fcllt mit hochwertigem EU-Qualit\u00e4ts-Distickstoffoxid. Aufgrund unserer Kompressionsstandards ist unsere klassische 670 g Kartusche diejenige mit der h\u00f6chsten Kapazit\u00e4t auf dem Markt f\u00fcr ihre Gr\u00f6\u00dfe und wie immer in einem Design, das uns auszeichnet.<\/p>\n<\/div>\n","protected":false},"featured_media":5126,"comment_status":"open","ping_status":"closed","template":"","meta":[],"product_cat":[235],"product_tag":[],"class_list":{"0":"post-5125","1":"product","2":"type-product","3":"status-publish","4":"has-post-thumbnail","6":"product_cat-exotic-whip","8":"first","9":"instock","10":"shipping-taxable","11":"purchasable","12":"product-type-simple","13":"col-xs-6 col-sm-4","14":"col-md-3 col-lg-3","15":"un-4-cols"},"_links":{"self":[{"href":"https:\/\/vapedschinni.com\/index.php?rest_route=\/wp\/v2\/product\/5125","targetHints":{"allow":["GET"]}}],"collection":[{"href":"https:\/\/vapedschinni.com\/index.php?rest_route=\/wp\/v2\/product"}],"about":[{"href":"https:\/\/vapedschinni.com\/index.php?rest_route=\/wp\/v2\/types\/product"}],"replies":[{"embeddable":true,"href":"https:\/\/vapedschinni.com\/index.php?rest_route=%2Fwp%2Fv2%2Fcomments&post=5125"}],"wp:featuredmedia":[{"embeddable":true,"href":"https:\/\/vapedschinni.com\/index.php?rest_route=\/wp\/v2\/media\/5126"}],"wp:attachment":[{"href":"https:\/\/vapedschinni.com\/index.php?rest_route=%2Fwp%2Fv2%2Fmedia&parent=5125"}],"wp:term":[{"taxonomy":"product_cat","embeddable":true,"href":"https:\/\/vapedschinni.com\/index.php?rest_route=%2Fwp%2Fv2%2Fproduct_cat&post=5125"},{"taxonomy":"product_tag","embeddable":true,"href":"https:\/\/vapedschinni.com\/index.php?rest_route=%2Fwp%2Fv2%2Fproduct_tag&post=5125"}],"curies":[{"name":"wp","href":"https:\/\/api.w.org\/{rel}","templated":true}]}}