{"id":5047,"date":"2024-08-01T11:52:39","date_gmt":"2024-08-01T09:52:39","guid":{"rendered":"https:\/\/vapedschinni.com\/?post_type=product&#038;p=5047"},"modified":"2024-08-01T12:04:24","modified_gmt":"2024-08-01T10:04:24","slug":"takis-blue-heat","status":"publish","type":"product","link":"https:\/\/vapedschinni.com\/?product=takis-blue-heat","title":{"rendered":"Takis &#8211; Blue Heat"},"content":{"rendered":"<p><span style=\"text-decoration: underline;\">Inhaltsstoffe:<\/span>\u00a0Maismehl (mit E 529 verarbeitet), Pflanzen\u00f6le (Palm\u00f6l, SOJA-\u00d6l, Raps\u00f6l), Maltodextrin, S\u00e4uerungsmittel E 330, Zucker, Geschmacksverst\u00e4rker (E 508, E 621), Salz, hydrolysiertes SOJA-Protein, Aroma, k\u00fcnstliches Aroma, hydrolysierte Hefe, SOJA-\u00d6l, Zwiebelpulver, Farbstoff E 133, Backtriebmittel E 500, Chili, Geschmacksverst\u00e4rker (E 631, E 627), Antioxidationsmittel E 319.<br \/>\nHergestellt in Anlagen, in denen auch MILCH, EIER, WEIZEN und ERDN\u00dcSSE verarbeitet werden.<\/p>\n<p><span style=\"text-decoration: underline;\">Inhalt:<\/span>\u00a092,3 g<\/p>\n<p><span style=\"text-decoration: underline;\">Verkehrsbezeichnung:<\/span>\u00a0Maischips mit Chili-Geschmack<\/p>\n<p><span style=\"text-decoration: underline;\">Herkunftsland:<\/span>\u00a0USA<\/p>\n","protected":false},"excerpt":{"rendered":"<p>Inhaltsstoffe:\u00a0Maismehl (mit E 529 verarbeitet), Pflanzen\u00f6le (Palm\u00f6l, SOJA-\u00d6l, Raps\u00f6l), Maltodextrin, S\u00e4uerungsmittel E 330, Zucker, Geschmacksverst\u00e4rker (E 508, E 621), Salz, hydrolysiertes SOJA-Protein, Aroma, k\u00fcnstliches Aroma, hydrolysierte Hefe, SOJA-\u00d6l, Zwiebelpulver, Farbstoff E 133, Backtriebmittel E 500, Chili, Geschmacksverst\u00e4rker (E 631, E 627), Antioxidationsmittel E 319. Hergestellt in Anlagen, in denen auch MILCH, EIER, WEIZEN und ERDN\u00dcSSE&hellip;<\/p>\n","protected":false},"featured_media":5048,"comment_status":"open","ping_status":"closed","template":"","meta":[],"product_cat":[233],"product_tag":[],"class_list":{"0":"post-5047","1":"product","2":"type-product","3":"status-publish","4":"has-post-thumbnail","6":"product_cat-suessigkeiten","8":"first","9":"instock","10":"shipping-taxable","11":"purchasable","12":"product-type-simple","13":"col-xs-6 col-sm-4","14":"col-md-3 col-lg-3","15":"un-4-cols"},"_links":{"self":[{"href":"https:\/\/vapedschinni.com\/index.php?rest_route=\/wp\/v2\/product\/5047","targetHints":{"allow":["GET"]}}],"collection":[{"href":"https:\/\/vapedschinni.com\/index.php?rest_route=\/wp\/v2\/product"}],"about":[{"href":"https:\/\/vapedschinni.com\/index.php?rest_route=\/wp\/v2\/types\/product"}],"replies":[{"embeddable":true,"href":"https:\/\/vapedschinni.com\/index.php?rest_route=%2Fwp%2Fv2%2Fcomments&post=5047"}],"wp:featuredmedia":[{"embeddable":true,"href":"https:\/\/vapedschinni.com\/index.php?rest_route=\/wp\/v2\/media\/5048"}],"wp:attachment":[{"href":"https:\/\/vapedschinni.com\/index.php?rest_route=%2Fwp%2Fv2%2Fmedia&parent=5047"}],"wp:term":[{"taxonomy":"product_cat","embeddable":true,"href":"https:\/\/vapedschinni.com\/index.php?rest_route=%2Fwp%2Fv2%2Fproduct_cat&post=5047"},{"taxonomy":"product_tag","embeddable":true,"href":"https:\/\/vapedschinni.com\/index.php?rest_route=%2Fwp%2Fv2%2Fproduct_tag&post=5047"}],"curies":[{"name":"wp","href":"https:\/\/api.w.org\/{rel}","templated":true}]}}